84/801 + 2/(-3).
2, 5, 751
Let j(y) = y**2 - 11*y + 30. Let s be j(5). Suppose -5*m + 2214 + 96 = s. List the prime factors of m.
2, 3, 7, 11
Let a(s) = s + 5. Let c be a(-1). What are the prime factors of (4 - (14 - 2))*(-127)/c?
2, 127
Suppose 45 = -4*x - 219. Let p = 68 + x. List the prime factors of (-2 - -80) + 0 + (p - 1).
79
What are the prime factors of (4641 - 6)*((-24)/(-18))/4?
3, 5, 103
Suppose -5*z = 4*n - 662, -14*z = -13*z - 2*n - 124. Suppose z*o - 136*o = -3216. What are the prime factors of o?
2, 67
Let p be 844*((-45)/(-12) - 3). Let k be -6 + -415 + (-2 - -5) + -1. Let o = p + k. List the prime factors of o.
2, 107
Suppose 146*g - 151*g - 10722 = -2*t, -10764 = -2*t - 2*g. List the prime factors of t.
2, 3, 7
Suppose a + 105*d = 109*d + 3908, 2*a + 3*d - 7827 = 0. What are the prime factors of a?
2, 3, 163
Let l(u) = 61*u**2 + 6*u + 44. Suppose -5*v = -4*d, 4*v - 15 = -d - 36. What are the prime factors of l(v)?
2, 3, 83
Suppose 5*a + 4*x = -x, -x = -5*a + 12. Suppose -4*p + 5*m = -49 - 39, a*p - 46 = 3*m. Let t = 25 - p. What are the prime factors of t?
2
Let q(x) = -x**3 + 60*x**2 + 172*x + 62. What are the prime factors of q(60)?
2, 29, 179
List the prime factors of 778452/78 - -6 - 32/208.
2, 4993
Let p = -186 - -280. Let k(c) = 138*c**3 - 2*c**2 + 2*c + 2. Let b be k(2). Suppose d - 313 = 2*x - p, 3*x + b = 5*d. What are the prime factors of d?
13, 17
Let y(g) = 50*g + 194. Suppose -7*h - 152 = -15*h. What are the prime factors of y(h)?
2, 11, 13
Suppose 0 = r + 25*y - 3751, -1652 - 2195 = -r - y. List the prime factors of r.
3851
Suppose 49*v = 100*v - 75*v + 362184. List the prime factors of v.
15091
Let i = -14 + 26. Suppose -18 = 3*u + i. Let m = 94 - u. List the prime factors of m.
2, 13
Suppose 20*v = 36655 - 2995. Suppose 0 = 5*i - 602 - v. List the prime factors of i.
457
Suppose 3*m + 36 = 3*a + 6, a - 3*m = 0. Suppose -3*o + c = 9, 2*o - 4*o - 4*c + 8 = 0. List the prime factors of (a/45)/(o/(-1374)).
229
Let a be (-5 + 9)/4*0. Suppose 3*g - 7*n - 698 = -5*n, 3*n - 6 = a. What are the prime factors of g?
2, 3, 13
Let l = -64 - -70. Suppose -1483 = -4*x - 3*k, k = -5*x + l*k + 1810. Suppose -3*r = -12, 3*y + 4*r - x = -0*r. List the prime factors of y.
3, 13
Suppose -17*m + 11*m = -43008. List the prime factors of m.
2, 7
Suppose -5*v - 677152 = -59*v - 2*v. What are the prime factors of v?
2, 3023
Suppose 4*p = 5*i + 44, -3*i + 0 + 6 = 3*p. What are the prime factors of ((-94)/p)/((-1)/3)?
47
Suppose 3*m - 56 = t, 7*t - 2*t = 3*m - 64. Suppose -23*g - 20 = -m*g. List the prime factors of (-3*g/(-18))/((-10)/720).
2, 3
Suppose 37*w = 45*w - 8928. Let d = 2605 - w. What are the prime factors of d?
1489
Suppose -240 = -10*p + 8950. Suppose -b + p = -16. List the prime factors of b.
5, 11, 17
Let l = 220 + -220. Suppose 2*t - 3*a - 874 = 0, l = -8*t + 13*t - 4*a - 2185. What are the prime factors of t?
19, 23
Suppose 14*l = 16*l - 38. Suppose 41 = 12*b - l. Suppose -f - a + 222 - 58 = 0, -b*f + a = -826. What are the prime factors of f?
3, 5, 11
Let c(v) = 3*v**2 + 2*v + 10. Suppose -4*l + 3*g + 2*g - 2 = 0, 4*l - g + 10 = 0. Let a = -9 - l. What are the prime factors of c(a)?
2, 53
Let a = 385 - 358. What are the prime factors of (a/6)/1*(-1484)/(-21)?
2, 3, 53
Let v be ((-232)/(-174))/((-2)/(-135)). Let t = v + 572. List the prime factors of t.
2, 331
Suppose -4*g - q = -154, -2*g + q + 62 = -18. Let r = g - -113. What are the prime factors of r?
2, 19
Let m(z) = -z - 59. Let y be m(-16). Let d = y + 45. What are the prime factors of (18/21)/d - (-3624)/21?
173
Suppose -1213 = -6*o + 227. Let f = -222 + o. What are the prime factors of f?
2, 3
Let t(f) = -3*f**3 + f**2 - 1. Let u be t(4). Let l be (-222700)/714 + (-44)/21 + 2. Let s = u - l. What are the prime factors of s?
3, 5
Let b = 17 - 15. Let j = -1 + -2. List the prime factors of 13*b/j*165/(-10).
11, 13
Let w be -7 - 81/(0 - 9). Suppose m = w*b + 2*b - 43, 0 = b + 5*m - 37. What are the prime factors of b?
2, 3
Let t be (1 + -14)/(-2 - -1). Let b be t + 1/(-3 - -4). Suppose 0 = -9*p + b*p - 230. What are the prime factors of p?
2, 23
Suppose 3*v - g - 11201 = 0, 0 = 6*v - 4*v - 5*g - 7489. Suppose 2*x = -5*o + 3665 + 72, -3*x - v = -5*o. List the prime factors of o.
3, 83
Let y = 300 + -333. Let c(u) = 3*u**2 + 54*u - 181. What are the prime factors of c(y)?
2, 163
Suppose 49*x - 54*x + 10 = 0. Let v(z) = 5 + 5*z**x - 4 + 2*z**2 + 6 + 4*z. List the prime factors of v(-2).
3
Suppose 82*q - 41*q - 152337 = 24*q. What are the prime factors of q?
3, 29, 103
List the prime factors of (5 + 12 + -11 + -5)/((-1)/(-17431)).
17431
Suppose -5*y = 4*s - 1356, 43*y - 44*y - 5*s + 246 = 0. What are the prime factors of y?
2, 3, 23
Let b(v) = v**3 + 4*v**2 + 21*v - 345. List the prime factors of b(15).
3, 5, 283
Let s be 840/294*(-7)/2. List the prime factors of (-23 + -1)*345/s.
2, 3, 23
Let f = 284 + 680. Let p = 266 + f. List the prime factors of p.
2, 3, 5, 41
Let a(i) = -180*i + 71. Let c = -141 + 137. What are the prime factors of a(c)?
7, 113
Suppose 4*p = -5*x + 9*x - 1860, 5*x = 0. Let b = 1781 + p. List the prime factors of b.
2, 7, 47
Let i be (-6)/3 + 10 + (-2 - 1). Suppose i*w - 4*w + 5*r = 1375, 5*r + 5375 = 4*w. What are the prime factors of w?
2, 3, 5
Let a(p) = p**3 + 6*p**2 + 5*p + 3. Let t be a(-5). Suppose -4*f + 15 = f, f - 603 = -2*d. Suppose 2*v = -t*v + d. List the prime factors of v.
2, 3, 5
Let j(d) = -2*d**2 - 14*d + 2. Let c be j(-7). What are the prime factors of ((-696)/203)/(c/(-616))?
2, 3, 11
Suppose 12*l + 3 = 11*l. Let v be (4*(-5)/(-10))/((-2)/l). Suppose v*i + 3*t = 27, 2*t = -5*i + 3*t + 45. What are the prime factors of i?
3
Let d = -9929 - -22504. List the prime factors of d.
5, 503
List the prime factors of (-1 + 1 + 2)*(-12718)/(-4).
6359
Let d(w) = -49*w + 101. Let m be d(2). Suppose 2830 = m*a - 383. What are the prime factors of a?
3, 7, 17
Let m = -150 - -82. Let l be 6513/(-17) - 8/m. Let g = l - -601. List the prime factors of g.
2, 109
Let m be (-8)/16*9/((-36)/32). Let l(d) = 23*d - 37. What are the prime factors of l(m)?
5, 11
Suppose -1660 = -4*z - 0*z + 3*s, -3*s = 3*z - 1245. Suppose 4*x - 254 = 4*d + 262, 0 = 3*x + 4*d - z. List the prime factors of x.
7, 19
Let k be (15708/70)/(4/130). Suppose -23817 + k = -51*m. What are the prime factors of m?
2, 3
Suppose -16*t + 21*t - 2*v = -231, 5*t - v = -228. What are the prime factors of 33*12 - (t - -45)?
2, 3, 11
Let y = 8 - 1433. Let s be 8/(-3)*y/38. Suppose -2*g = -6 - s. List the prime factors of g.
53
Suppose -4*n - 2*i = 22, -n + 3*i - 7 = -2*n. Let d(f) = -17*f - 8. List the prime factors of d(n).
2
Suppose -12 = d - 7*d. Suppose -4*w + w = -3*r, 0 = w - d*r + 4. Suppose 4*z + 0*z + 5*l = 60, -w*l = 2*z - 30. What are the prime factors of z?
3, 5
What are the prime factors of 2 + (138 - 1 - (-44 + 51))?
2, 3, 11
Let s be (10/45*3)/((-4)/(-3258)). Suppose 0 = 5*r - 2*r + s. What are the prime factors of (-3)/(3/r) + 3?
2, 23
Let s(h) be the first derivative of 10*h - 3/2*h**2 - 15. What are the prime factors of s(-8)?
2, 17
Let u be ((-1)/(-4) + 0/3)*16. Suppose 0 = g - u*k - 32, -3*k - 2*k + 160 = 5*g. What are the prime factors of g?
2
Let z(c) = -2*c**2 - c + 47. Let o(y) be the first derivative of y**3/3 - y - 31. Let w(x) = 3*o(x) + z(x). What are the prime factors of w(13)?
2, 5
Suppose 4339 = 5*u - 5516. Suppose 5*h + 4*g = u, 0 = 2*g + 4 - 12. What are the prime factors of h?
17, 23
Suppose 2*d - 49077 = -h, 2*h + d - 10051 = 88103. List the prime factors of h.
3, 7, 19, 41
Let h(t) = 16*t - 317. Let x be h(20). Suppose -v + 12*z - 7*z + 397 = 0, -z = x*v - 1223. What are the prime factors of v?
11, 37
Let v be 12/18*-573*2. List the prime factors of (126/56)/((-3)/v).
3, 191
Suppose -41*g + 13777 + 145426 = 0. What are the prime factors of g?
11, 353
Suppose -7*z - 34 = -97. List the prime factors of 4557/z - 3/9.
2, 11, 23
Let z = -23 + 17. Let r = z - -11. Suppose 3*v - 178 = -4*w - 26, -r*v + w = -238. List the prime factors of v.
2, 3
Let a(w) = w**3 + 2*w**2 - w + 4. Let i be a(3). Let u = i - 28. Let l(o) = o**3 - 19*o**2 + 22*o - 6. What are the prime factors of l(u)?
2, 3, 11
Suppose -121583 = 96*t - 57*t - 46*t. What are the prime factors 